te the remainder when 2483900 is divided by 6179.
6121
Calculate the remainder when 365062411 is divided by 11.
10
What is the remainder when 625474 is divided by 3225?
3049
What is the remainder when 34435295 is divided by 4304411?
7
Calculate the remainder when 135673649 is divided by 453758.
7
Calculate the remainder when 29211401 is divided by 2655573.
98
What is the remainder when 8643994 is divided by 3956?
134
Calculate the remainder when 1670003 is divided by 1669983.
20
What is the remainder when 9537077 is divided by 126?
11
What is the remainder when 66086050 is divided by 66086038?
12
Calculate the remainder when 75576376 is divided by 104.
96
Calculate the remainder when 294558 is divided by 3678.
318
Calculate the remainder when 2710597 is divided by 3174.
1
Calculate the remainder when 1820406 is divided by 4119.
3927
Calculate the remainder when 91289 is divided by 9648.
4457
Calculate the remainder when 516060 is divided by 224.
188
Calculate the remainder when 457845 is divided by 457826.
19
What is the remainder when 959671 is divided by 41723?
42
Calculate the remainder when 7802693 is divided by 124.
117
What is the remainder when 1424673 is divided by 376?
9
Calculate the remainder when 286816 is divided by 242.
46
Calculate the remainder when 1854746 is divided by 22345.
111
What is the remainder when 25858 is divided by 12907?
44
Calculate the remainder when 131005 is divided by 720.
685
What is the remainder when 34197503 is divided by 1518?
1517
Calculate the remainder when 762722 is divided by 84729.
161
Calculate the remainder when 1796337 is divided by 185.
172
What is the remainder when 2884839 is divided by 26?
9
What is the remainder when 149097 is divided by 1266?
975
Calculate the remainder when 89251676 is divided by 240.
236
What is the remainder when 881892 is divided by 2746?
426
What is the remainder when 272955153 is divided by 55?
53
Calculate the remainder when 71741 is divided by 1666.
103
Calculate the remainder when 5499373 is divided by 1221.
1210
What is the remainder when 140920 is divided by 481?
468
What is the remainder when 13738 is divided by 474?
466
Calculate the remainder when 116110 is divided by 57899.
312
Calculate the remainder when 465641 is divided by 465639.
2
What is the remainder when 34371319 is divided by 730?
729
Calculate the remainder when 758329 is divided by 252262.
1543
What is the remainder when 2456121 is divided by 25?
21
What is the remainder when 17644 is divided by 1158?
274
Calculate the remainder when 105545223 is divided by 1759087.
3
What is the remainder when 1298113 is divided by 259618?
23
What is the remainder when 642192802 is divided by 198?
196
What is the remainder when 1220887 is divided by 317?
120
What is the remainder when 29220065 is divided by 598?
589
What is the remainder when 3315125 is divided by 910?
905
Calculate the remainder when 26451 is divided by 3094.
1699
What is the remainder when 958137 is divided by 50418?
195
What is the remainder when 106258 is divided by 405?
148
Calculate the remainder when 84471 is divided by 6094.
5249
Calculate the remainder when 27627 is divided by 27372.
255
What is the remainder when 570183 is divided by 651?
558
Calculate the remainder when 25657 is divided by 4314.
4087
Calculate the remainder when 622265 is divided by 646.
167
Calculate the remainder when 3660 is divided by 49.
34
Calculate the remainder when 1603483 is divided by 149.
94
Calculate the remainder when 52535 is divided by 4019.
288
Calculate the remainder when 25611055 is divided by 4451.
1
Calculate the remainder when 15776 is divided by 11207.
4569
Calculate the remainder when 13595 is divided by 24.
11
What is the remainder when 1612891 is divided by 1612801?
90
Calculate the remainder when 11603 is divided by 9215.
2388
Calculate the remainder when 245075 is divided by 13615.
5
Calculate the remainder when 275495800 is divided by 2391.
2389
What is the remainder when 344569 is divided by 57349?
475
What is the remainder when 59273 is divided by 4912?
329
Calculate the remainder when 102020 is divided by 364.
100
What is the remainder when 40910169 is divided by 104?
1
What is the remainder when 1542017 is divided by 5586?
281
Calculate the remainder when 1446129 is divided by 49866.
15
Calculate the remainder when 6509 is divided by 652.
641
Calculate the remainder when 728262 is divided by 967.
111
What is the remainder when 4894157 is divided by 28?
9
Calculate the remainder when 148366060 is divided by 2851.
20
What is the remainder when 316841 is divided by 44974?
2023
Calculate the remainder when 17441672 is divided by 49.
24
What is the remainder when 2089900 is divided by 1797?
1786
Calculate the remainder when 174344988 is divided by 363977.
5
What is the remainder when 85168805 is divided by 610?
605
What is the remainder when 70115 is divided by 104?
19
What is the remainder when 2051563 is divided by 49?
31
Calculate the remainder when 15960 is divided by 486.
408
Calculate the remainder when 4307443 is divided by 2153683.
77
What is the remainder when 35716 is divided by 130?
96
Calculate the remainder when 124301 is divided by 41212.
665
What is the remainder when 34776 is divided by 868?
56
What is the remainder when 439308 is divided by 6460?
28
What is the remainder when 652522 is divided by 339?
286
Calculate the remainder when 10070171 is divided by 816.
731
Calculate the remainder when 25774 is divided by 22329.
3445
Calculate the remainder when 3090885 is divided by 1029783.
1536
What is the remainder when 547906 is divided by 46?
0
What is the remainder when 3604704 is divided by 8383?
14
Calculate the remainder when 3260302 is divided by 116.
6
Calculate the remainder when 29197255 is divided by 54.
49
What is the remainder when 116210159 is divided by 8030?
8029
What is the remainder when 17461811 is divided by 33?
26
What is the remainder when 28171080 is divided by 230?
220
What is the remainder when 22410918 is divided by 1850?
18
What is the remainder when 2122659 is divided by 1805?
1784
What is the remainder when 38862469 is divided by 873?
1
Calculate the remainder when 1316526 is divided by 1529.
57
What is the remainder when 1243118 is divided by 155383?
54
What is the remainder when 508587479 is divided by 3735?
3734
What is the remainder when 6789966 is divided by 282911?
102
What is the remainder when 20516 is divided by 2313?
2012
What is the remainder when 733359 is divided by 183321?
75
What is the remainder when 572398 is divided by 79?
43
Calculate the remainder when 488759 is divided by 2325.
509
What is the remainder when 43422917 is divided by 33?
32
What is the remainder when 747042 is divided by 1120?
2
What is the remainder when 409679824 is divided by 290?
14
Calculate the remainder when 869223 is divided by 716.
715
Calculate the remainder when 12567329 is divided by 45.
44
What is the remainder when 303625 is divided by 8671?
140
Calculate the remainder when 11807407 is divided by 11807403.
4
Calculate the remainder when 80405347 is divided by 1340.
1327
What is the remainder when 51529 is divided by 6439?
17
Calculate the remainder when 321774 is divided by 14.
12
What is the remainder when 76615252 is divided by 143?
142
What is the remainder when 5515263 is divided by 235?
48
What is the remainder when 389938 is divided by 495?
373
Calculate the remainder when 216089860 is divided by 4643.
4640
What is the remainder when 275538 is divided by 19674?
102
Calculate the remainder when 504911 is divided by 99804.
5891
Calculate the remainder when 106791 is divided by 534.
525
Calculate the remainder when 5446658 is divided by 232.
226
Calculate the remainder when 831698 is divided by 277229.
11
Calculate the remainder when 6654282 is divided by 548.
466
Calculate the remainder when 4348387 is divided by 407.
406
What is the remainder when 32241 is divided by 23049?
9192
What is the remainder when 2591555 is divided by 40?
35
What is the remainder when 4202912 is divided by 4324?
4308
Calculate the remainder when 266009 is divided by 219.
143
Calculate the remainder when 53064 is divided by 13613.
12225
What is the remainder when 67857 is divided by 323?
27
What is the remainder when 